{"id":113,"date":"2012-01-21T18:04:11","date_gmt":"2012-01-21T18:04:11","guid":{"rendered":"http:\/\/brings-online.com\/demo\/praxis\/?page_id=2"},"modified":"2016-02-02T12:17:56","modified_gmt":"2016-02-02T11:17:56","slug":"beispiel-seite-2","status":"publish","type":"page","link":"https:\/\/www.dr-martinalemke.de\/","title":{"rendered":"Herzlich willkommen in meiner Praxis!"},"content":{"rendered":"<p>Sehr geehrte Patientin,<br \/>\nsehr geehrter Patient,<\/p>\n<p>wir m\u00f6chten Sie ganz herzlich in unserer Praxis begr\u00fc\u00dfen und Ihnen gerne auf diesem Wege alles Wissenswerte \u00fcber uns mitteilen, damit Sie sich bei uns gut aufgehoben f\u00fchlen und haben Ihnen daher diese Praxis-Informationen zusammengestellt.<br \/>\nSie dienen Ihrer Orientierung in allen Praxisbelangen.<\/p>\n<p>Sollte Ihnen etwas auffallen, egal ob positiv oder negativ, sprechen Sie bitte mit uns dar\u00fcber und teilen Sie uns Ihre Sorgen und W\u00fcnsche mit. Wir haben jederzeit ein offenes Ohr und behandeln Ihre Themen selbstverst\u00e4ndlich streng vertraulich.<\/p>\n<p>Wir w\u00fcnschen Ihnen &#8222;Gute Gesundheit&#8220; und freuen uns auf Ihren Besuch.<\/p>\n<p>&nbsp;<\/p>\n","protected":false},"excerpt":{"rendered":"<p>Sehr geehrte Patientin, sehr geehrter Patient, wir m\u00f6chten Sie ganz herzlich in unserer Praxis begr\u00fc\u00dfen und Ihnen gerne auf diesem Wege alles Wissenswerte \u00fcber uns mitteilen, damit Sie sich bei uns gut aufgehoben f\u00fchlen und haben Ihnen daher diese Praxis-Informationen zusammengestellt. Sie dienen Ihrer Orientierung in allen Praxisbelangen. Sollte Ihnen etwas auffallen, egal ob positiv [&hellip;]<\/p>\n","protected":false},"author":2,"featured_media":0,"parent":0,"menu_order":0,"comment_status":"open","ping_status":"open","template":"homepage.php","meta":{"footnotes":""},"class_list":["post-113","page","type-page","status-publish","hentry"],"yoast_head":"<!-- This site is optimized with the Yoast SEO plugin v27.3 - https:\/\/yoast.com\/product\/yoast-seo-wordpress\/ -->\n<title>Herzlich willkommen in meiner Praxis! - Dr. Martina Lemke<\/title>\n<meta name=\"robots\" content=\"index, follow, max-snippet:-1, max-image-preview:large, max-video-preview:-1\" \/>\n<link rel=\"canonical\" href=\"https:\/\/www.dr-martinalemke.de\/\" \/>\n<meta property=\"og:locale\" content=\"de_DE\" \/>\n<meta property=\"og:type\" content=\"article\" \/>\n<meta property=\"og:title\" content=\"Herzlich willkommen in meiner Praxis! - Dr. Martina Lemke\" \/>\n<meta property=\"og:description\" content=\"Sehr geehrte Patientin, sehr geehrter Patient, wir m\u00f6chten Sie ganz herzlich in unserer Praxis begr\u00fc\u00dfen und Ihnen gerne auf diesem Wege alles Wissenswerte \u00fcber uns mitteilen, damit Sie sich bei uns gut aufgehoben f\u00fchlen und haben Ihnen daher diese Praxis-Informationen zusammengestellt. Sie dienen Ihrer Orientierung in allen Praxisbelangen. Sollte Ihnen etwas auffallen, egal ob positiv [&hellip;]\" \/>\n<meta property=\"og:url\" content=\"https:\/\/www.dr-martinalemke.de\/\" \/>\n<meta property=\"og:site_name\" content=\"Dr. Martina Lemke\" \/>\n<meta property=\"article:modified_time\" content=\"2016-02-02T11:17:56+00:00\" \/>\n<meta name=\"twitter:card\" content=\"summary_large_image\" \/>\n<meta name=\"twitter:label1\" content=\"Gesch\u00e4tzte Lesezeit\" \/>\n\t<meta name=\"twitter:data1\" content=\"1\u00a0Minute\" \/>\n<script type=\"application\/ld+json\" class=\"yoast-schema-graph\">{\"@context\":\"https:\\\/\\\/schema.org\",\"@graph\":[{\"@type\":\"WebPage\",\"@id\":\"https:\\\/\\\/www.dr-martinalemke.de\\\/\",\"url\":\"https:\\\/\\\/www.dr-martinalemke.de\\\/\",\"name\":\"Herzlich willkommen in meiner Praxis! - Dr. Martina Lemke\",\"isPartOf\":{\"@id\":\"https:\\\/\\\/www.dr-martinalemke.de\\\/#website\"},\"datePublished\":\"2012-01-21T18:04:11+00:00\",\"dateModified\":\"2016-02-02T11:17:56+00:00\",\"breadcrumb\":{\"@id\":\"https:\\\/\\\/www.dr-martinalemke.de\\\/#breadcrumb\"},\"inLanguage\":\"de\",\"potentialAction\":[{\"@type\":\"ReadAction\",\"target\":[\"https:\\\/\\\/www.dr-martinalemke.de\\\/\"]}]},{\"@type\":\"BreadcrumbList\",\"@id\":\"https:\\\/\\\/www.dr-martinalemke.de\\\/#breadcrumb\",\"itemListElement\":[{\"@type\":\"ListItem\",\"position\":1,\"name\":\"Startseite\",\"item\":\"https:\\\/\\\/www.dr-martinalemke.de\\\/\"},{\"@type\":\"ListItem\",\"position\":2,\"name\":\"Herzlich willkommen in meiner Praxis!\"}]},{\"@type\":\"WebSite\",\"@id\":\"https:\\\/\\\/www.dr-martinalemke.de\\\/#website\",\"url\":\"https:\\\/\\\/www.dr-martinalemke.de\\\/\",\"name\":\"Dr. Martina Lemke\",\"description\":\"Ihre pers\u00f6nliche Arztpraxis\",\"potentialAction\":[{\"@type\":\"SearchAction\",\"target\":{\"@type\":\"EntryPoint\",\"urlTemplate\":\"https:\\\/\\\/www.dr-martinalemke.de\\\/?s={search_term_string}\"},\"query-input\":{\"@type\":\"PropertyValueSpecification\",\"valueRequired\":true,\"valueName\":\"search_term_string\"}}],\"inLanguage\":\"de\"}]}<\/script>\n<!-- \/ Yoast SEO plugin. -->","yoast_head_json":{"title":"Herzlich willkommen in meiner Praxis! - Dr. Martina Lemke","robots":{"index":"index","follow":"follow","max-snippet":"max-snippet:-1","max-image-preview":"max-image-preview:large","max-video-preview":"max-video-preview:-1"},"canonical":"https:\/\/www.dr-martinalemke.de\/","og_locale":"de_DE","og_type":"article","og_title":"Herzlich willkommen in meiner Praxis! - Dr. Martina Lemke","og_description":"Sehr geehrte Patientin, sehr geehrter Patient, wir m\u00f6chten Sie ganz herzlich in unserer Praxis begr\u00fc\u00dfen und Ihnen gerne auf diesem Wege alles Wissenswerte \u00fcber uns mitteilen, damit Sie sich bei uns gut aufgehoben f\u00fchlen und haben Ihnen daher diese Praxis-Informationen zusammengestellt. Sie dienen Ihrer Orientierung in allen Praxisbelangen. Sollte Ihnen etwas auffallen, egal ob positiv [&hellip;]","og_url":"https:\/\/www.dr-martinalemke.de\/","og_site_name":"Dr. Martina Lemke","article_modified_time":"2016-02-02T11:17:56+00:00","twitter_card":"summary_large_image","twitter_misc":{"Gesch\u00e4tzte Lesezeit":"1\u00a0Minute"},"schema":{"@context":"https:\/\/schema.org","@graph":[{"@type":"WebPage","@id":"https:\/\/www.dr-martinalemke.de\/","url":"https:\/\/www.dr-martinalemke.de\/","name":"Herzlich willkommen in meiner Praxis! - Dr. Martina Lemke","isPartOf":{"@id":"https:\/\/www.dr-martinalemke.de\/#website"},"datePublished":"2012-01-21T18:04:11+00:00","dateModified":"2016-02-02T11:17:56+00:00","breadcrumb":{"@id":"https:\/\/www.dr-martinalemke.de\/#breadcrumb"},"inLanguage":"de","potentialAction":[{"@type":"ReadAction","target":["https:\/\/www.dr-martinalemke.de\/"]}]},{"@type":"BreadcrumbList","@id":"https:\/\/www.dr-martinalemke.de\/#breadcrumb","itemListElement":[{"@type":"ListItem","position":1,"name":"Startseite","item":"https:\/\/www.dr-martinalemke.de\/"},{"@type":"ListItem","position":2,"name":"Herzlich willkommen in meiner Praxis!"}]},{"@type":"WebSite","@id":"https:\/\/www.dr-martinalemke.de\/#website","url":"https:\/\/www.dr-martinalemke.de\/","name":"Dr. Martina Lemke","description":"Ihre pers\u00f6nliche Arztpraxis","potentialAction":[{"@type":"SearchAction","target":{"@type":"EntryPoint","urlTemplate":"https:\/\/www.dr-martinalemke.de\/?s={search_term_string}"},"query-input":{"@type":"PropertyValueSpecification","valueRequired":true,"valueName":"search_term_string"}}],"inLanguage":"de"}]}},"_links":{"self":[{"href":"https:\/\/www.dr-martinalemke.de\/index.php\/wp-json\/wp\/v2\/pages\/113","targetHints":{"allow":["GET"]}}],"collection":[{"href":"https:\/\/www.dr-martinalemke.de\/index.php\/wp-json\/wp\/v2\/pages"}],"about":[{"href":"https:\/\/www.dr-martinalemke.de\/index.php\/wp-json\/wp\/v2\/types\/page"}],"author":[{"embeddable":true,"href":"https:\/\/www.dr-martinalemke.de\/index.php\/wp-json\/wp\/v2\/users\/2"}],"replies":[{"embeddable":true,"href":"https:\/\/www.dr-martinalemke.de\/index.php\/wp-json\/wp\/v2\/comments?post=113"}],"version-history":[{"count":0,"href":"https:\/\/www.dr-martinalemke.de\/index.php\/wp-json\/wp\/v2\/pages\/113\/revisions"}],"wp:attachment":[{"href":"https:\/\/www.dr-martinalemke.de\/index.php\/wp-json\/wp\/v2\/media?parent=113"}],"curies":[{"name":"wp","href":"https:\/\/api.w.org\/{rel}","templated":true}]}}